(6) is divided by 7 + 0 + -8 + 29 + 15.
41
Suppose 395 = 2*p + 3*p. Suppose -2*a + 3*z - 2*z = -48, 0 = 3*a - 5*z - p. Suppose 5*r = 4 + 21. What is the remainder when a is divided by r?
3
Let l(u) = -11*u - 11. Let c be l(-4). Suppose -c = 2*f - 5*f. What is the remainder when f is divided by 7?
4
Let k(x) = x**3 - x**2 + 2*x - 4. What is the remainder when (7 - 8)/(1/(-21)) is divided by k(2)?
1
Let r = 251 + -193. Calculate the remainder when r is divided by 6.
4
Suppose -31*n + 1334 = 373. What is the remainder when 117 is divided by n?
24
Suppose -2*f = 3*u + 201, 3*u - 3*f + 2*f = -192. Let p = 92 + u. What is the remainder when 65 is divided by p?
11
Let h(f) = 3*f**3 - 38*f**2 - 5*f - 13. What is the remainder when h(13) is divided by 22?
3
Let q = -553 + 574. Calculate the remainder when 136 is divided by q.
10
Let u = 870 - 674. Calculate the remainder when u is divided by 11.
9
What is the remainder when 107 is divided by (4/(-12) + 0)/(1/(-12))?
3
Let r(s) = -s**3 + 36*s**2 + 81*s - 56. Calculate the remainder when r(38) is divided by 47.
40
Suppose -339 = -8*z - 75. What is the remainder when z is divided by 12*1 + 0 + 0?
9
Let n(c) = 3*c**2 - 1. Let z be n(-1). Suppose z*h = -15 + 35. What is the remainder when ((-54)/21)/((-1)/7) is divided by h?
8
Suppose 3*a = -3*w + 33, -2*a - w = -22 + 2. Suppose -a*t + 13*t - 12 = 0. Calculate the remainder when t + 0 - (8 + -43) is divided by 13.
12
Suppose -41*w + 217 + 111 = 0. Suppose 42 = 5*v - 183. What is the remainder when v is divided by w?
5
Suppose -5*x - 52 = -t, 3*t + 20 = -3*x - 2*t. Calculate the remainder when 138 is divided by 70*(x/4 - -3).
33
Let b = 66 - 14. Suppose -4 - 2 = g - 2*d, 4*g + d = 12. Suppose 2 + 34 = g*x. Calculate the remainder when b is divided by x.
16
Let p be 1/(-3) + 5685/45. Suppose -5*q + 4 = -p. Calculate the remainder when q is divided by (-4)/(-6)*168/16.
5
Let v = 8 - 2. Let s(u) = -u**2 + 9*u + 4. Suppose 3*x - 4*o - 7 = 0, x + o - 27 = -4*x. Calculate the remainder when s(v) is divided by x.
2
Calculate the remainder when 1323 is divided by (10 - 4) + 133/28*4.
23
Let a(j) = 7*j - 16. Let p be a(3). Suppose 9*m - 148 = p*m. What is the remainder when m is divided by ((-2)/3)/(2/(-39))?
11
Let j = -398 + 425. What is the remainder when (-10 - -1)*35/(-3) is divided by j?
24
Let b be 10/(-4)*312/(-20). Suppose 45 + b = 4*g. Suppose -4*i = 2*z - 150, 2*z + 13 + 197 = 5*i. Calculate the remainder when i is divided by g.
19
Let u(q) = -5*q**3 - 64*q**2 + 11*q - 21. Suppose 5*l = -3*m + 23, -5*l + 31 = 2*m + 9. What is the remainder when u(-13) is divided by l?
1
Suppose 48*l - 116 = 44*l. What is the remainder when 171 is divided by l?
26
Let w be 3 - (-3 + (-4 - -2)). Suppose 5*s = w*s - 60. Calculate the remainder when 39 is divided by s.
19
Suppose -3*l + 264 = -5*n + 8*n, -3*l = -5*n + 424. What is the remainder when n is divided by 46?
40
Let d(t) = -t**2 + 4*t + 3. Let u(i) = -2*i**2 + 8*i + 6. Let c(v) = -7*d(v) + 3*u(v). Let p be (-9)/2*8/6. Calculate the remainder when c(p) is divided by 15.
12
Let y be (-16)/(-6)*63/(-14). What is the remainder when ((-8)/y)/((-2)/(-435)) is divided by 37?
34
Let i(c) = -12*c + 20. What is the remainder when i(-2) is divided by -1 + 1 + 14 + 1?
14
Calculate the remainder when 1*8/(-20) + 3396/15 is divided by 59.
49
Let g = 121 - -12. Suppose 2*x = 3*o, -2*x - 5*o + 4 = -28. Suppose 0 = -x*v - v + g. Calculate the remainder when v is divided by 7.
5
Let y be -1 + 2 + 7 + (-18 - -14). Suppose -m = -2*d, 4*m + y*d = 25 - 1. Calculate the remainder when 37 is divided by m.
1
Let j(u) = u + 5. Let t be j(-5). Suppose 0 = -t*z - z + 27. Let c = 42 - z. What is the remainder when 28 is divided by c?
13
Let b = 310 + -287. Calculate the remainder when 44 is divided by b.
21
Let z(x) = 27*x - 2. Calculate the remainder when z(13) is divided by 50.
49
Let u(b) = 2*b**3 - 26*b**2 + 14*b - 4. What is the remainder when u(13) is divided by 20?
18
Let l = 48 - 41. Let p(f) = -10*f**3 + 3*f**2 + 2*f + 1. What is the remainder when p(-2) is divided by l?
5
Suppose 114 = 4*i + 5*w - 7*w, 0 = 5*i - 3*w - 141. What is the remainder when 173 is divided by i?
23
Suppose -4*f - 8*o + 66 = -10*o, -3*f = -2*o - 51. Calculate the remainder when 58 is divided by f.
13
Suppose 786 = 1713*y - 1707*y. What is the remainder when y is divided by 18?
5
Let f = 1259 - 819. What is the remainder when f is divided by 26?
24
Let k(a) = 14*a + 152. What is the remainder when k(-7) is divided by 122/8 - 2/8?
9
Let z be 1/(-1)*27/3. Let k be (-52)/6*3 + 0. Let o = z - k. Calculate the remainder when 48 is divided by o.
14
Let w = -857 - -1039. What is the remainder when w is divided by 24?
14
Let o = 5 + 17. What is the remainder when 30/(-9)*(-408)/16 is divided by o?
19
Let y(x) = -x**3 - 5*x**2 + 4*x + 5. Suppose 0 = 14*s + 13 - 139. What is the remainder when y(-6) is divided by s?
8
Suppose -3*g + 3*w = -w + 4, w + 12 = 4*g. Calculate the remainder when (-3)/(-5) - (-235)/25 is divided by (-3)/5*(-40)/g.
4
Let n(b) = -10*b**2 - 119*b + 17. Let z = 4 - 0. What is the remainder when n(-12) is divided by z?
1
Let b(w) = -3 - 4*w + 0 - w + 2*w**2 + w**3 + 2. Let z be b(-4). Let o = z - -25. Calculate the remainder when 32 is divided by o.
8
Let i(f) = 34*f - 59. Calculate the remainder when i(9) is divided by 63.
58
Suppose 3*m - 222 = 10*x - 6*x, -4*m - x + 315 = 0. What is the remainder when m is divided by 16/6*(6 + 0)?
14
What is the remainder when (4/10)/((-15)/(-75)) + 14 is divided by (2 + -4)/(12/(-54))?
7
Suppose 0 = -3*n - 0*k - 5*k - 187, 0 = -4*n + 3*k - 288. What is the remainder when 94 is divided by n*5/(-15) - -1?
22
Let o(r) = 4*r**3 - 3*r**2 + 8*r - 13. Let d(v) = -6*v**3 + 4*v**2 - 12*v + 20. Let y(n) = 5*d(n) + 8*o(n). Calculate the remainder when 11 is divided by y(2).
3
Let o = -997 - -1027. Calculate the remainder when 569 is divided by o.
29
Suppose 19*i - 631 = -2911. Let l = -111 - i. Suppose 5*p = 2*s + 83, -16 + 81 = 4*p - 3*s. Calculate the remainder when p is divided by l.
8
Suppose -5*l + l + 2 = -m, -l + 4*m - 7 = 0. Calculate the remainder when 54 is divided by l/(0 + 2/28).
12
Suppose 2*o + 2 = 0, 5*o = 3*c + 2*o - 123. Let i(s) = 12*s - 3. What is the remainder when c is divided by i(2)?
19
Let p be (-1)/(-2) + ((-45)/6)/(-5). Suppose -p*i + 154 = 9*i. Calculate the remainder when 80 is divided by i.
10
Suppose 6*q - 44 = q + 2*z, -2*z = -4*q + 36. Let c = 7 + 19. What is the remainder when c is divided by q?
2
Suppose 122*r = v + 124*r - 20, -5*v + 4*r = -114. Calculate the remainder when v is divided by 20.
2
Suppose -5*z + 4*t + 58 = 0, 22*z + 73 = 27*z + t. Calculate the remainder when 20 is divided by z.
6
Let f = -157 - -161. What is the remainder when 27 is divided by f?
3
Let s(q) = -8*q - 89. Let p(x) = -15*x - 177. Let y(f) = -3*p(f) + 5*s(f). Calculate the remainder when y(0) is divided by 11.
9
Let k(x) = -8*x + 199. What is the remainder when k(20) is divided by 6?
3
Calculate the remainder when (47 - -39)/(-1 + 3) is divided by 13.
4
What is the remainder when 2204 is divided by 2*(58/4 - -3)?
34
Calculate the remainder when (-2)/(-15) + (-3 - 15699/(-45)) is divided by 29.
27
Let k(r) = -r**3 + 8*r**2 + 4*r + 1. What is the remainder when 226 is divided by k(8)?
28
Let y(z) = -3*z**2 - z**3 - 3085*z - 6 + 3080*z + 10*z**2. Calculate the remainder when y(5) is divided by 6.
1
Let c(p) = -p**2 + 20*p + 4 + 3 - 26. What is the remainder when 159 is divided by c(17)?
31
Let n(j) = -2*j**2 - 14*j + 4. Let v = -8 + 14. What is the remainder when v is divided by n(-7)?
2
Suppose -x = 3*a - 5 - 32, 0 = 5*x + a - 171. Suppose 4*w = 3*u + 97, 5*u + 3*w + 118 = -x. Let n = 11 - u. Calculate the remainder when n is divided by 11.
9
Let b = 28 + 69. Suppose 5 = 3*j - b. What is the remainder when j is divided by 10?
4
Let k(d) = -d**2 + 31*d + 46. Calculate the remainder when 17 is divided by k(32).
3
Suppose 2*h = -5*q + 114, 6*h - 8*h = -q + 30. Calculate the remainder when 69 is divided by q.
21
Let m(s) = -s**2 - 16*s + 27. Calculate the remainder when 65 is divided by m(-17).
5
Let n(t) = 19*t**2 + 7*t + 42. Calculate the remainder when n(-4) is divided by 10.
8
Let t(n) = 2*n**2 - 36*n + 91. Ca